{"id":104,"date":"2022-08-03T14:48:00","date_gmt":"2022-08-03T12:48:00","guid":{"rendered":"https:\/\/essentialphoto.dfirma.pl\/index.php\/reportaz-z-narodzin\/"},"modified":"2025-12-19T11:02:42","modified_gmt":"2025-12-19T10:02:42","slug":"reportaz-z-narodzin","status":"publish","type":"page","link":"https:\/\/essentialphoto.pl\/index.php\/reportaz-z-narodzin\/","title":{"rendered":"REPORTA\u017b Z NARODZIN"},"content":{"rendered":"<p>[et_pb_section fb_built=&#8221;1&#8243; fullwidth=&#8221;on&#8221; _builder_version=&#8221;4.16&#8243; saved_tabs=&#8221;all&#8221; global_colors_info=&#8221;{}&#8221;][et_pb_fullwidth_slider arrows_custom_color=&#8221;#ffffff&#8221; dot_nav_custom_color=&#8221;#ffffff&#8221; arrows_custom_color_tablet=&#8221;&#8221; arrows_custom_color_phone=&#8221;rgba(0,0,0,0)&#8221; arrows_custom_color_last_edited=&#8221;on|phone&#8221; _builder_version=&#8221;4.18.0&#8243; header_font=&#8221;Playfair Display||||||||&#8221; header_text_align=&#8221;center&#8221; header_text_color=&#8221;#ffffff&#8221; header_font_size=&#8221;75px&#8221; body_font=&#8221;Playfair Display||||||||&#8221; body_text_align=&#8221;center&#8221; body_text_color=&#8221;#ffffff&#8221; body_font_size=&#8221;20px&#8221; body_line_height=&#8221;3.8em&#8221; background_color=&#8221;rgba(0,0,0,0)&#8221; custom_button=&#8221;on&#8221; button_text_size=&#8221;12px&#8221; button_text_color=&#8221;#000000&#8243; button_bg_color=&#8221;#ffffff&#8221; button_border_width=&#8221;1px&#8221; button_border_color=&#8221;#ffffff&#8221; button_border_radius=&#8221;2px&#8221; button_letter_spacing=&#8221;1px&#8221; button_font=&#8221;Poppins|600||on|||||&#8221; button_use_icon=&#8221;off&#8221; button_custom_margin=&#8221;||||false&#8221; button_custom_padding=&#8221;13px|35px|13px|35px|true|true&#8221; content_width=&#8221;90%&#8221; content_width_tablet=&#8221;90%&#8221; content_width_phone=&#8221;90%&#8221; content_width_last_edited=&#8221;on|tablet&#8221; content_max_width=&#8221;1300px&#8221; content_max_width_tablet=&#8221;90%&#8221; content_max_width_phone=&#8221;100%&#8221; content_max_width_last_edited=&#8221;on|desktop&#8221; custom_margin=&#8221;20px|20px||20px|false|true&#8221; custom_margin_tablet=&#8221;&#8221; custom_margin_phone=&#8221;10px|10px||10px|false|true&#8221; custom_margin_last_edited=&#8221;on|phone&#8221; custom_padding=&#8221;16vh|0px|8vh|0px|false|true&#8221; custom_padding_tablet=&#8221;28vh||28vh||true|true&#8221; custom_padding_phone=&#8221;7vh||7vh||true|true&#8221; custom_padding_last_edited=&#8221;on|phone&#8221; animation_style=&#8221;fade&#8221; animation_duration=&#8221;1500ms&#8221; auto=&#8221;on&#8221; auto_speed=&#8221;3000&#8243; header_font_size_tablet=&#8221;50px&#8221; header_font_size_phone=&#8221;35px&#8221; header_font_size_last_edited=&#8221;on|phone&#8221; body_line_height_tablet=&#8221;1.8em&#8221; body_line_height_phone=&#8221;1.8em&#8221; body_line_height_last_edited=&#8221;on|phone&#8221; header_text_shadow_style=&#8221;preset1&#8243; header_text_shadow_color=&#8221;rgba(0,0,0,0)&#8221; body_text_shadow_style=&#8221;preset1&#8243; body_text_shadow_color=&#8221;rgba(0,0,0,0)&#8221; global_module=&#8221;93&#8243; saved_tabs=&#8221;all&#8221; global_colors_info=&#8221;{}&#8221; button_text_color__hover_enabled=&#8221;on|hover&#8221; button_text_color__hover=&#8221;#ffffff&#8221; button_bg_color__hover_enabled=&#8221;on|hover&#8221; button_bg_color__hover=&#8221;rgba(0,0,0,0)&#8221; button_bg_enable_color__hover=&#8221;on&#8221; button_border_color__hover_enabled=&#8221;on|hover&#8221; button_border_color__hover=&#8221;#ffffff&#8221; button_letter_spacing__hover_enabled=&#8221;on|desktop&#8221; button_letter_spacing__hover=&#8221;1px&#8221;][et_pb_slide heading=&#8221;FOTOGRAFUJ\u0104C, STARAM SI\u0118 POKAZA\u0106 TO, CZEGO BEZE MNIE NIKT BY NIE ZOBACZY\u0141&#8221; button_text=&#8221;Sprawd\u017a ofert\u0119&#8221; button_link=&#8221;https:\/\/essentialphoto.pl\/index.php\/oferta-fotograficzna\/&#8221; arrows_custom_color_tablet=&#8221;&#8221; arrows_custom_color_phone=&#8221;rgba(0,0,0,0)&#8221; arrows_custom_color_last_edited=&#8221;on|phone&#8221; _builder_version=&#8221;4.18.0&#8243; header_text_align=&#8221;left&#8221; header_font_size=&#8221;45px&#8221; header_line_height=&#8221;1.4em&#8221; background_enable_color=&#8221;off&#8221; background_color_gradient_start=&#8221;rgba(0,0,0,0.46)&#8221; background_color_gradient_end=&#8221;rgba(0,0,0,0.46)&#8221; background_image=&#8221;https:\/\/essentialphoto.pl\/wp-content\/uploads\/2022\/08\/EMI_9142_pp-1-scaled.jpg&#8221; background_enable_image=&#8221;on&#8221; button_alignment=&#8221;left&#8221; width=&#8221;45%&#8221; width_tablet=&#8221;&#8221; width_phone=&#8221;100%&#8221; width_last_edited=&#8221;on|phone&#8221; link_option_url=&#8221;https:\/\/essentialphoto.pl\/index.php\/oferta-fotograficzna\/&#8221; header_font_size_tablet=&#8221;&#8221; header_font_size_phone=&#8221;20px&#8221; header_font_size_last_edited=&#8221;on|phone&#8221; custom_css_slide_container=&#8221;float:left;&#8221; global_colors_info=&#8221;{}&#8221; sticky_transition=&#8221;on&#8221;][\/et_pb_slide][et_pb_slide heading=&#8221;FOTOGRAFUJ\u0104C, STARAM SI\u0118 POKAZA\u0106 TO, CZEGO BEZE MNIE NIKT BY NIE ZOBACZY\u0141&#8221; button_text=&#8221;Sprawd\u017a ofert\u0119&#8221; button_link=&#8221;https:\/\/essentialphoto.pl\/index.php\/oferta-fotograficzna\/&#8221; use_bg_overlay=&#8221;on&#8221; bg_overlay_color=&#8221;rgba(0,0,0,0.2)&#8221; arrows_custom_color_tablet=&#8221;&#8221; arrows_custom_color_phone=&#8221;rgba(0,0,0,0)&#8221; arrows_custom_color_last_edited=&#8221;on|phone&#8221; _builder_version=&#8221;4.18.0&#8243; header_text_align=&#8221;left&#8221; header_font_size=&#8221;45px&#8221; header_line_height=&#8221;1.4em&#8221; background_enable_color=&#8221;off&#8221; background_color_gradient_start=&#8221;rgba(0,0,0,0.39)&#8221; background_color_gradient_end=&#8221;rgba(255,255,255,0)&#8221; background_image=&#8221;https:\/\/essentialphoto.pl\/wp-content\/uploads\/2022\/08\/100-scaled.jpeg&#8221; background_enable_image=&#8221;on&#8221; button_alignment=&#8221;left&#8221; width=&#8221;45%&#8221; width_tablet=&#8221;&#8221; width_phone=&#8221;100%&#8221; width_last_edited=&#8221;on|phone&#8221; link_option_url=&#8221;https:\/\/essentialphoto.pl\/index.php\/oferta-fotograficzna\/&#8221; header_font_size_tablet=&#8221;&#8221; header_font_size_phone=&#8221;20px&#8221; header_font_size_last_edited=&#8221;on|phone&#8221; custom_css_slide_container=&#8221;float:left;&#8221; global_colors_info=&#8221;{}&#8221; sticky_transition=&#8221;on&#8221;][\/et_pb_slide][et_pb_slide heading=&#8221;FOTOGRAFUJ\u0104C, STARAM SI\u0118 POKAZA\u0106 TO, CZEGO BEZE MNIE NIKT BY NIE ZOBACZY\u0141&#8221; button_text=&#8221;Sprawd\u017a ofert\u0119&#8221; button_link=&#8221;https:\/\/essentialphoto.pl\/index.php\/oferta-fotograficzna\/&#8221; use_bg_overlay=&#8221;off&#8221; arrows_custom_color_tablet=&#8221;&#8221; arrows_custom_color_phone=&#8221;rgba(0,0,0,0)&#8221; arrows_custom_color_last_edited=&#8221;on|phone&#8221; _builder_version=&#8221;4.18.0&#8243; header_font_size=&#8221;20px&#8221; header_line_height=&#8221;1.4em&#8221; background_enable_color=&#8221;off&#8221; background_color_gradient_start=&#8221;rgba(0,0,0,0.39)&#8221; background_color_gradient_end=&#8221;rgba(255,255,255,0)&#8221; background_image=&#8221;https:\/\/essentialphoto.pl\/wp-content\/uploads\/2022\/08\/EMI_7188-scaled.jpg&#8221; background_enable_image=&#8221;on&#8221; width=&#8221;45%&#8221; width_tablet=&#8221;&#8221; width_phone=&#8221;100%&#8221; width_last_edited=&#8221;on|phone&#8221; link_option_url=&#8221;https:\/\/essentialphoto.pl\/index.php\/oferta-fotograficzna\/&#8221; header_font_size_tablet=&#8221;&#8221; header_font_size_phone=&#8221;&#8221; header_font_size_last_edited=&#8221;on|desktop&#8221; global_colors_info=&#8221;{}&#8221; sticky_transition=&#8221;on&#8221;][\/et_pb_slide][\/et_pb_fullwidth_slider][\/et_pb_section][et_pb_section fb_built=&#8221;1&#8243; admin_label=&#8221;section&#8221; _builder_version=&#8221;4.16&#8243; background_color=&#8221;#F7F7F7&#8243; custom_margin=&#8221;|20px||20px|false|true&#8221; custom_margin_tablet=&#8221;&#8221; custom_margin_phone=&#8221;|10px||10px|false|true&#8221; custom_margin_last_edited=&#8221;on|phone&#8221; custom_padding=&#8221;24px||30px||false|false&#8221; global_colors_info=&#8221;{}&#8221;][et_pb_row use_custom_gutter=&#8221;on&#8221; gutter_width=&#8221;2&#8243; make_equal=&#8221;on&#8221; admin_label=&#8221;row&#8221; _builder_version=&#8221;4.16&#8243; background_size=&#8221;initial&#8221; background_position=&#8221;top_left&#8221; background_repeat=&#8221;repeat&#8221; width=&#8221;90%&#8221; width_tablet=&#8221;90%&#8221; width_phone=&#8221;90%&#8221; width_last_edited=&#8221;on|tablet&#8221; max_width=&#8221;1300px&#8221; max_width_tablet=&#8221;90%&#8221; max_width_phone=&#8221;90%&#8221; max_width_last_edited=&#8221;on|desktop&#8221; custom_padding=&#8221;||2px|||&#8221; animation_style=&#8221;fade&#8221; animation_delay=&#8221;500ms&#8221; global_colors_info=&#8221;{}&#8221;][et_pb_column type=&#8221;4_4&#8243; _builder_version=&#8221;4.16&#8243; custom_padding=&#8221;|||&#8221; global_colors_info=&#8221;{}&#8221; custom_padding__hover=&#8221;|||&#8221;][et_pb_text _builder_version=&#8221;4.16&#8243; header_3_font=&#8221;Playfair Display||||||||&#8221; header_3_text_align=&#8221;center&#8221; header_3_text_color=&#8221;#303133&#8243; header_3_font_size=&#8221;30px&#8221; header_3_letter_spacing=&#8221;1px&#8221; header_3_font_size_tablet=&#8221;&#8221; header_3_font_size_phone=&#8221;25px&#8221; header_3_font_size_last_edited=&#8221;on|phone&#8221; global_colors_info=&#8221;{}&#8221;]<\/p>\n<h3>REPORTA\u017b Z NARODZIN LUB &#8222;FIRST 72h&#8221;<\/h3>\n<p>[\/et_pb_text][et_pb_image src=&#8221;https:\/\/essentialphoto.pl\/wp-content\/uploads\/2022\/07\/photographer-16-2.png&#8221; title_text=&#8221;photographer-16 (2)&#8221; align=&#8221;center&#8221; _builder_version=&#8221;4.16&#8243; custom_margin=&#8221;-5px||||false|false&#8221; custom_margin_tablet=&#8221;-15px||||false|false&#8221; custom_margin_phone=&#8221;-15px||||false|false&#8221; custom_margin_last_edited=&#8221;on|phone&#8221; global_colors_info=&#8221;{}&#8221;][\/et_pb_image][\/et_pb_column][\/et_pb_row][et_pb_row _builder_version=&#8221;4.16&#8243; _module_preset=&#8221;default&#8221; custom_padding=&#8221;0px||0px|||&#8221; global_colors_info=&#8221;{}&#8221;][et_pb_column type=&#8221;4_4&#8243; _builder_version=&#8221;4.16&#8243; _module_preset=&#8221;default&#8221; global_colors_info=&#8221;{}&#8221;][et_pb_text _builder_version=&#8221;4.16&#8243; text_font=&#8221;Open Sans||||||||&#8221; text_text_color=&#8221;#000000&#8243; text_font_size=&#8221;15px&#8221; text_line_height=&#8221;1.8em&#8221; text_orientation=&#8221;center&#8221; module_alignment=&#8221;center&#8221; custom_margin=&#8221;0px||14px||false|false&#8221; custom_margin_tablet=&#8221;-10px||||false|false&#8221; custom_margin_phone=&#8221;-10px||||false|false&#8221; custom_margin_last_edited=&#8221;on|phone&#8221; custom_padding=&#8221;10px|10px|10px|10px|true|true&#8221; global_colors_info=&#8221;{}&#8221;]<\/p>\n<p style=\"text-align: justify;\">To projekt fotograficzny skierowany do ludzi, kt\u00f3rzy \u2013 tak jak ja &#8211; sens fotografii widz\u0105 nie zawsze tylko w pozowanych, u\u0142o\u017conych kadrach, kt\u00f3rymi mi\u0142o si\u0119 pochwali\u0107. Je\u015bli Jeste\u015bcie osobami, kt\u00f3re pragn\u0105 mie\u0107 zdj\u0119cia tylko dla siebie to ten reporta\u017c jest dla Was. To zdj\u0119cia o niezwyk\u0142ym \u0142adunku emocjonalnym, stworzone w najwa\u017cniejszym momencie \u2013 kiedy pojawia si\u0119 na \u015bwiecie nowe \u017cycie , b\u0119d\u0105ce Wasz\u0105 cz\u0105stk\u0105. Moim zdaniem niewiele jest sesji zdj\u0119ciowych o wadze a\u017c tak wielkiej jak ta, maj\u0105cych a\u017c tak ogromny sens.<\/p>\n<p style=\"text-align: justify;\">Je\u015bli nie mieli\u015bcie odwagi zdecydowa\u0107 si\u0119 na reporta\u017c z narodzin, zapraszam Was na reporta\u017c z pierwszych 3 dni \u017cycia Waszego dziecka gdzie uwieczni\u0119 wszystko co pierwsze: pierwsze karmienie, pierwsze wsp\u00f3lne gesty, u\u015bmiechy, \u0142zy szcz\u0119\u015bcia, pierwsze obj\u0119cia a tak\u017ce nie do powt\u00f3rzenia potem emocje: rado\u015b\u0107, dum\u0119, si\u0142\u0119, wzruszenie i szcz\u0119\u015bcie bez granic. To sesja, kt\u00f3r\u0105 wykonuj\u0119 najcz\u0119\u015bciej w miejscu gdzie dziecko przysz\u0142o na \u015bwiat lub w pierwszym chwilach jak Jeste\u015bcie razem z dzieckiem w domu. W miar\u0119 swoich mo\u017cliwo\u015bci staram si\u0119 dotrze\u0107 we wskazane miejsce w ci\u0105gu pierwszych 72 godzin po narodzinach.<\/p>\n<p>[\/et_pb_text][et_pb_text _builder_version=&#8221;4.16&#8243; text_font=&#8221;Open Sans||||||||&#8221; text_text_color=&#8221;#000000&#8243; text_font_size=&#8221;15px&#8221; text_line_height=&#8221;1.8em&#8221; text_orientation=&#8221;center&#8221; module_alignment=&#8221;center&#8221; custom_margin=&#8221;0px||30px||false|false&#8221; custom_margin_tablet=&#8221;-10px||||false|false&#8221; custom_margin_phone=&#8221;-10px||||false|false&#8221; custom_margin_last_edited=&#8221;on|phone&#8221; custom_padding=&#8221;10px|10px|10px|10px|true|true&#8221; box_shadow_style=&#8221;preset2&#8243; global_colors_info=&#8221;{}&#8221;]<\/p>\n<p style=\"text-align: justify;\"><strong>SESJA Z NARODZIN PAKIET PODSTAWOWY : 3000z\u0142\/30szt. <\/strong><\/p>\n<p style=\"text-align: justify;\"><strong>W TEJ CENIE MASZ: PRZEPI\u0118KNY, NAJWY\u017bSZEJ JAKO\u015aCI ALBUM 25x25cm W AKSAMITNEJ OPRAWIE Z PENDRIVEM ZE ZDJECIAMI Z SESJI ORAZ UROCZ\u0104 HARMONIJK\u0104 (HARMONIJKA TO MINIKSI\u0104\u017bECZKA DO POSTAWIENIA NP. NA BIURKU CZY KOMODZIE)<br \/>Podana cena obejmuje tak\u017ce wydruki na satynowym papierze w rozmiarze 15x23cm\u00a0<\/strong><br \/><strong>Cena za ka\u017cde dodatkowe zdj\u0119cie: 50z\u0142\/szt.<br \/><\/strong><strong><br \/>SESJA \u201eFIRST 72\u201d PAKIET PODSTAWOWY: 2500z\u0142\/30szt. <br \/>W TEJ CENIE MASZ: PRZEPI\u0118KNY, NAJWY\u017bSZEJ JAKO\u015aCI ALBUM 25x25cm W AKSAMITNEJ OPRAWIE Z PENDRIVEM ZE ZDJECIAMI Z SESJI ORAZ UROCZ\u0104 HARMONIJK\u0104 (HARMONIJKA TO MINIKSI\u0104\u017bECZKA DO POSTAWIENIA NP. NA BIURKU CZY KOMODZIE)<br \/>Podana cena obejmuje tak\u017ce wydruki na satynowym papierze w rozmiarze 15x23cm\u00a0<br \/>Cena za ka\u017cde dodatkowe zdj\u0119cie: 50z\u0142\/szt.<br \/><\/strong><\/p>\n<p style=\"text-align: justify;\"><strong>Zdj\u0119cia z tych reporta\u017cy s\u0105 czarno-bia\u0142e.<\/strong><\/p>\n<p>[\/et_pb_text][et_pb_text _builder_version=&#8221;4.14.7&#8243; text_font=&#8221;Open Sans||||||||&#8221; text_text_color=&#8221;#000000&#8243; text_font_size=&#8221;15px&#8221; text_line_height=&#8221;1.8em&#8221; text_orientation=&#8221;center&#8221; module_alignment=&#8221;center&#8221; custom_margin=&#8221;0px||14px||false|false&#8221; custom_margin_tablet=&#8221;-10px||||false|false&#8221; custom_margin_phone=&#8221;-10px||||false|false&#8221; custom_margin_last_edited=&#8221;on|phone&#8221; custom_padding=&#8221;10px|10px|140px|10px|false|true&#8221; global_module=&#8221;167&#8243; global_colors_info=&#8221;{}&#8221;][\/et_pb_text][\/et_pb_column][\/et_pb_row][\/et_pb_section][et_pb_section fb_built=&#8221;1&#8243; admin_label=&#8221;section&#8221; _builder_version=&#8221;4.14.7&#8243; background_color=&#8221;#1B1D1F&#8221; custom_margin=&#8221;|20px|0px|20px|false|true&#8221; custom_margin_tablet=&#8221;&#8221; custom_margin_phone=&#8221;|10px|10px|10px|false|true&#8221; custom_margin_last_edited=&#8221;on|phone&#8221; custom_padding=&#8221;1px||0px||false|false&#8221; global_module=&#8221;76&#8243; saved_tabs=&#8221;all&#8221; global_colors_info=&#8221;{}&#8221;][\/et_pb_section]<\/p>\n","protected":false},"excerpt":{"rendered":"<p>REPORTA\u017b Z NARODZIN LUB &#8222;FIRST 72h&#8221;To projekt fotograficzny skierowany do ludzi, kt\u00f3rzy \u2013 tak jak ja &#8211; sens fotografii widz\u0105 nie zawsze tylko w pozowanych, u\u0142o\u017conych kadrach, kt\u00f3rymi mi\u0142o si\u0119 pochwali\u0107. Je\u015bli Jeste\u015bcie osobami, kt\u00f3re pragn\u0105 mie\u0107 zdj\u0119cia tylko dla siebie to ten reporta\u017c jest dla Was. To zdj\u0119cia o niezwyk\u0142ym \u0142adunku emocjonalnym, stworzone w [&hellip;]<\/p>\n","protected":false},"author":1,"featured_media":0,"parent":0,"menu_order":0,"comment_status":"closed","ping_status":"closed","template":"","meta":{"_et_pb_use_builder":"on","_et_pb_old_content":"","_et_gb_content_width":"","footnotes":""},"class_list":["post-104","page","type-page","status-publish","hentry"],"_links":{"self":[{"href":"https:\/\/essentialphoto.pl\/index.php\/wp-json\/wp\/v2\/pages\/104","targetHints":{"allow":["GET"]}}],"collection":[{"href":"https:\/\/essentialphoto.pl\/index.php\/wp-json\/wp\/v2\/pages"}],"about":[{"href":"https:\/\/essentialphoto.pl\/index.php\/wp-json\/wp\/v2\/types\/page"}],"author":[{"embeddable":true,"href":"https:\/\/essentialphoto.pl\/index.php\/wp-json\/wp\/v2\/users\/1"}],"replies":[{"embeddable":true,"href":"https:\/\/essentialphoto.pl\/index.php\/wp-json\/wp\/v2\/comments?post=104"}],"version-history":[{"count":12,"href":"https:\/\/essentialphoto.pl\/index.php\/wp-json\/wp\/v2\/pages\/104\/revisions"}],"predecessor-version":[{"id":838,"href":"https:\/\/essentialphoto.pl\/index.php\/wp-json\/wp\/v2\/pages\/104\/revisions\/838"}],"wp:attachment":[{"href":"https:\/\/essentialphoto.pl\/index.php\/wp-json\/wp\/v2\/media?parent=104"}],"curies":[{"name":"wp","href":"https:\/\/api.w.org\/{rel}","templated":true}]}}